 Calculate the remainder when w is divided by 4.
2
Suppose 4*k - 10 = 2, 0 = -2*m - k + 211. What is the remainder when m is divided by 31?
11
Suppose -470 = -4*z + 2*b, 3*z - 355 = -b + 2*b. Suppose z = 2*u - 4*p + 3*p, 4*p - 264 = -4*u. Calculate the remainder when u is divided by 16.
14
What is the remainder when (6/2)/(8*(-5)/(-280)) is divided by 16?
5
Let r = -73 + 203. What is the remainder when r is divided by 33?
31
Calculate the remainder when 2/(-2 - 54/(-26)) is divided by 18.
8
Suppose -3*c + 4*c - 5*g = 5, -2*c + 19 = -g. Let o = 5 + -3. Suppose -4*h - o = -c. Calculate the remainder when h is divided by 1.
0
Let u(m) = m**3 + 8*m**2 - m + 4. Let q be -1*-1*10/2. Suppose -7*s + 3*s - 3*n = -142, 10 = q*n. Calculate the remainder when s is divided by u(-8).
10
Calculate the remainder when 35/2*40/25 is divided by 16.
12
Suppose 0 = 5*k + 56 - 361. What is the remainder when k is divided by 16?
13
Let s = 16 - 22. Let o(n) = -5*n - 2. Calculate the remainder when o(s) is divided by 2*3/((-6)/(-10)).
8
What is the remainder when (9/2)/(-3)*152/(-6) is divided by 2?
0
Suppose 2 = 4*u + 6. Calculate the remainder when (-3 - 16/2)/u is divided by 6.
5
Let w = -72 - -83. What is the remainder when 22 is divided by w?
0
Let d(m) = -m**3 - 3*m**2 + 3*m + 1. Let c be d(-4). Suppose -c*l + 48 = -l. Suppose x = 40 - 5. Calculate the remainder when x is divided by l.
11
Let y(m) = m**3 + 6*m**2 - m - 4. Let h = 2 + -2. Calculate the remainder when (-1 + h)/(3/(-15)) is divided by y(-6).
1
Let s = 13 + -7. Suppose c - 2 = s. Suppose -m = m - 10. Calculate the remainder when c is divided by m.
3
Suppose -5*p + p = -4*a + 120, -3*a + 4*p + 93 = 0. What is the remainder when a is divided by 14?
13
Suppose -4*w + 377 = 141. Calculate the remainder when w is divided by 15.
14
Let z(p) = 2*p + 2. Let u(s) = -5*s - 6. Let f(o) = 3*u(o) + 8*z(o). Suppose b = 5 - 0. Calculate the remainder when 7 is divided by f(b).
1
Let l(y) = 2*y - 7. Let c be l(5). Suppose 6 = c*s - 30. Suppose -5*p + 224 = 54. Calculate the remainder when p is divided by s.
10
Suppose -12*a + 42 = 2*a. Let r(h) = 2*h - 4. Calculate the remainder when r(6) is divided by a.
2
Suppose -28*k + 31*k = 48. What is the remainder when 45 is divided by k?
13
Calculate the remainder when (-2)/(-2)*(-552)/(-8) is divided by 14.
13
Suppose 26 + 1 = 3*r. What is the remainder when 187 is divided by r?
7
Let m be 0 + 0/(-1) + 12. Let o = 10 + m. Let c(q) = 5*q - 3. Calculate the remainder when o is divided by c(3).
10
What is the remainder when 7 + 69 + 1*3 is divided by 27?
25
Let b = 76 - 43. Suppose 0*r - 2*r + 2 = 0. Calculate the remainder when b is divided by 2 + -5*(-2)/r.
9
Suppose -5*r + 15 = 0, 2*o - 23 = -r - 2. Let h(f) = 9*f + 4. Let j be h(3). Let g = j - -3. Calculate the remainder when g is divided by o.
7
Suppose 0 = 4*w + 3*u - 4 - 5, -2*w + 4 = 2*u. Suppose -4*k + w*k = -85. Calculate the remainder when k is divided by 22.
19
Let q = 191 - 127. Let i = -53 - q. Calculate the remainder when 4/14 - i/7 is divided by 9.
8
Let m = -22 + 36. Calculate the remainder when 139 is divided by m.
13
Let u be -2*6/(0 - 3). Suppose -u*x = -w - 12, -2*w = w + 5*x - 32. Suppose -3*c - 2*p = p - 132, -w*p + 32 = c. What is the remainder when c is divided by 17?
14
Suppose 2*v = 3*v. Suppose 2*m - 18 + 0 = v. Suppose -5*x + 37 = 3*k, 3*k = -2*k + 20. What is the remainder when m is divided by x?
4
Let d = -9 + 17. Suppose -4*l + 14 = -6. Suppose -l = u - d. What is the remainder when 5 is divided by u?
2
Suppose -3*m = -4*m + 38. Suppose 5*b = 26 + 39. Calculate the remainder when m is divided by b.
12
Let z = 157 - 102. Suppose -4 = -4*x, -j = -2*x + 5*x - z. Suppose -w = 5*r - 156, -r + 2*w + j = -3*w. What is the remainder when r is divided by 11?
10
Suppose -2*m - 4*r = -72, 105 = 5*m - r - 4*r. What is the remainder when 155 is divided by m?
25
Let m(d) be the third derivative of d**5/30 + d**4/12 - d**3/3 - 4*d**2. Calculate the remainder when 28 is divided by m(2).
8
Let l(m) = m**3 - m + 3. Let v be l(0). Let q = v + 6. Calculate the remainder when (68/6)/((-2)/(-3)) is divided by q.
8
Suppose 194 = 2*j + 78. Let k = -1 + 5. Suppose 60 = 3*g - 5*h, -g - g = -k*h - 40. What is the remainder when j is divided by g?
18
Suppose d + 3*d = 12. Suppose -d*t - 16 = -5*t. What is the remainder when 13 is divided by t?
5
Suppose -5*i = -10*i + 320. Calculate the remainder when 316 is divided by i.
60
Suppose -t = -3*t + 108. Calculate the remainder when t is divided by 16.
6
What is the remainder when 38 is divided by (-1 - -6)*((-56)/(-5))/4?
10
Suppose 16*y - 27 = 13*y. Calculate the remainder when 25 is divided by y.
7
Suppose -5*b = -b - 20. Suppose -5*n - b*h = -145, -30 - 10 = -2*n + 4*h. Calculate the remainder when n is divided by 14.
12
Suppose -4*y + 5*c + 50 = 0, -c - c - 4 = 0. What is the remainder when 47 is divided by y?
7
Let s(d) be the first derivative of -3*d**3 - 1/4*d**4 + 5*d**2 + 15*d - 1. What is the remainder when 43 is divided by s(-10)?
13
Let g = 148 - 102. Calculate the remainder when g is divided by 10.
6
Let b(a) be the first derivative of -a**4/2 - a**3 + a**2 - 3*a + 2. What is the remainder when 52 is divided by b(-3)?
16
Calculate the remainder when 205 is divided by ((-207)/(-18))/((-1)/(-2)).
21
Suppose 0 = 4*n + f - 315, 4*f - 4 = 8. Suppose 85 = 5*y + 3*d - 0*d, -65 = -2*y + 5*d. What is the remainder when n is divided by y?
18
Let i(w) = -w**2 - 17*w - 12. Calculate the remainder when 87 is divided by i(-14).
27
Let x(i) = i**2 + 0*i + 0*i + 0*i - 4. Let t be x(0). Calculate the remainder when 15 + t/(-1) + -3 is divided by 9.
7
Let d be (11/1)/((-1)/4). Suppose -75 = 2*u - 13. Let r = u - d. Calculate the remainder when 37 is divided by r.
11
What is the remainder when ((-260)/(-16) - -1)/((-6)/(-40)) is divided by 39?
37
Let b(l) = 24*l - 101. Suppose 0 = -s + 4*s - 69. Calculate the remainder when b(7) is divided by s.
21
Suppose -2*b + 31 = -b. Suppose -7 = -2*h + b. Calculate the remainder when h is divided by (-2)/(-5) - (-66)/10.
5
Let r = 2 - 1. Let d(g) = g + 4. Let h be d(5). Suppose h = u - r. What is the remainder when 27 is divided by u?
7
Let i(w) = -8*w - 7. Suppose 0 = -3*u - 6, 5*u = 4*j - 0*j - 62. What is the remainder when i(-4) is divided by j?
12
Suppose 5*i = 4*i + 15. What is the remainder when 72 is divided by i?
12
What is the remainder when (-64)/(-6) - (-2)/6 is divided by 7?
4
Let f(a) = 2*a**2 - 3*a + 2. Let q be f(2). Suppose -q*i + 61 = -31. What is the remainder when i is divided by 6?
5
What is the remainder when (6/(-9))/(8/(-684)) is divided by 15?
12
Suppose 602 = -5*a + 197. What is the remainder when a/(-6)*(-4)/(-2) is divided by -3 - -3 - (0 + -14)?
13
Let l(k) = 6*k**2 + 15*k - 29. Let v(i) = 2*i**2 + 5*i - 10. Let b(o) = 4*l(o) - 11*v(o). Calculate the remainder when b(-5) is divided by 7.
5
Suppose -2*n + 4*m + m + 90 = 0, -16 = -4*m. Suppose q = -0*q + 14. What is the remainder when n is divided by q?
13
Suppose 3*f - 6 = f. Let h(l) = -l**3 - l**3 + 2 - 6*l**2 - 2*l**3 + f*l**3. Calculate the remainder when h(-6) is divided by 2.
0
Let f(k) = k - 1. Let l be f(5). Suppose l*y = 20 + 40. Calculate the remainder when (-1 - 86/2)*-1 is divided by y.
14
Let f(z) = z**2 + z - 1. Let h(w) = 3 - 4*w**2 - 2*w - w**2 + 3 + 6*w**2. What is the remainder when h(4) is divided by f(-3)?
4
What is the remainder when 4/(-6)*(-222)/4 is divided by 10?
7
Suppose -4*t + 19 + 1 = 0. Suppose 0 = 2*x + x - 12. Suppose -5*m + 33 = v, x*v + 6*m = m + 72. What is the remainder when v is divided by t?
3
Suppose 2*b - 4*c = 584, -b = 4*c - c - 272. Suppose 0 = -3*t + 7*t - b. Calculate the remainder when t is divided by 18.
17
Suppose 0 = 7*z - 120 - 76. What is the remainder when 167 is divided by z?
27
Suppose -9*z - 4 = -11*z. Calculate the remainder when 4 is divided by z.
0
Suppose -6*b + 13 = -11. What is the remainder when 13 is divided by b?
1
Let r = -38 - -69. Calculate the remainder when 2*1 + -2 + r is divided by 16.
15
Let d(r) be the second derivative of 3*r**3/2 + r. What is the remainder when (-18)/(-45) - (-166)/10 is divided by d(1)?
8
Suppose 2*y + 51 = 5*z, 2*y + 0*y + 40 = 4*z. Calculate the remainder when 42 